 = -3*q - 3*n + 276. What is the greatest common divisor of q and v?
10
Let u be (-12)/20 + (-324)/(-15). Suppose 3*w - u = -h + 6*w, -h = 3*w - 3. Let q = -24 + 42. Calculate the greatest common factor of q and h.
6
Let a be 0 + 2/(-2) + 3. Suppose 5*o + 5*w = 95, a*w + 8 + 2 = 0. Calculate the greatest common factor of 16 and o.
8
Let i = -534 - -618. Calculate the greatest common factor of 532 and i.
28
Let b(i) = i**3 - i**2 + i + 56. Let k be b(0). Suppose 0 = -4*j + u + 33, -j = 2*u + 3 - 9. Let m = j - 1. What is the greatest common factor of m and k?
7
Let v(o) = -84*o - 107. Let r be v(-7). Calculate the greatest common factor of r and 13.
13
Suppose -223 = -2*p + 5*n, -5*p - 8*n = -4*n - 475. Calculate the greatest common factor of p and 11.
11
Suppose 0 = -4*c + 5*p + 592, 13*p + 580 = 4*c + 11*p. Calculate the highest common factor of 208 and c.
13
Let k(z) be the first derivative of z**4/4 - 3*z**3 - 4*z**2 - 12*z + 9. Let w be k(10). Calculate the greatest common divisor of 20 and w.
4
Let j = -5 + 8. Suppose -n - 2*g + 2 = 0, -2 + 8 = -j*g. Suppose -n*l + 2*l = -8. What is the highest common factor of 18 and l?
2
Suppose -2*z - 10 = 0, b + 3*z + 2*z = 447. Calculate the greatest common divisor of b and 59.
59
Suppose -2*s - 5*i - 10 = s, -5*s - 5*i - 10 = 0. Suppose 565 = 5*u + 3*n, -2*u - u - n + 335 = s. What is the highest common divisor of 22 and u?
22
Let a(s) = -10*s. Suppose 0 = -d - 3 - 4. Let g be a(d). Let r = 12 + -2. What is the highest common factor of r and g?
10
Suppose 2*f + 3*f - 105 = -5*k, -1 = -k. What is the greatest common factor of 52 and f?
4
Let h be 52/(-2) - (-12 - -13). Let i = h + 34. Let s be (-3 - i/(-2))*6. What is the greatest common divisor of s and 1?
1
Let p(c) = -10*c - 7. Let m(d) = -11*d - 7. Let j(f) = -3*m(f) + 4*p(f). Let h = 100 + -102. Let o be j(h). Calculate the greatest common divisor of o and 56.
7
Suppose 3*m - 18 = 3*z, 4*m = 4*z - 7*z + 10. Suppose -2*d = -7*d. Suppose -m*o + 3*o + 4 = d. What is the highest common factor of o and 32?
4
Suppose -9*o - 96 = -13*o - 5*h, 0 = -2*o + 5*h + 48. What is the greatest common divisor of 528 and o?
24
Let r be (2/9*3)/(7/315). What is the greatest common divisor of 75 and r?
15
Suppose -2*w = -t + 81, -t = -5*w - 25 - 65. Calculate the greatest common divisor of t and 60.
15
Suppose 4*q = -q + 25, -3*p - q + 341 = 0. Suppose 3*w - 128 = -4*s - w, p = 4*s - 4*w. Suppose 1 = 2*j - 19. Calculate the highest common factor of s and j.
10
Suppose 80 = 4*x + 3*i, 3*x - 2*i - 20 = 2*x. Let n be (2 - 5)/(-3) - -39. Calculate the greatest common factor of x and n.
20
Let n = -29 - -34. Let s = -2 + 2. Suppose s*q - 75 = -5*q. What is the highest common divisor of q and n?
5
Suppose -2*m + 5*l = 2*m - 93, -3*l + 90 = 3*m. Let d be (1890/50)/(2/10). Calculate the highest common factor of d and m.
27
Let y = -78 + 398. What is the greatest common divisor of y and 10?
10
Suppose -382 + 70 = -3*i. Suppose -88 = -4531*n + 4520*n. Calculate the highest common factor of n and i.
8
Let y(b) = b**3 - b**2 - 5*b + 9. Let f be y(5). Let l = 12 + f. What is the highest common divisor of 12 and l?
12
Suppose 0 = 2*b - 2*u - 46, b + 115 = 6*b + 3*u. Let o(x) = 3*x**2 - 5*x - 14. Let g be o(9). What is the greatest common factor of g and b?
23
Suppose 0 = -4*t + 5*b + 40, -15 = -t - 2*b + 8. Calculate the highest common factor of 6 and t.
3
Suppose 0 = 32*g - 37*g + 20. Suppose -6 + 0 = -2*d + g*z, -3*d + 33 = 2*z. Calculate the greatest common divisor of 45 and d.
9
Suppose 473*u + 330 = 484*u. Calculate the greatest common factor of u and 150.
30
Let b = 861 + -685. Calculate the highest common divisor of b and 308.
44
Let l be ((-2)/(-2))/(1/(-3 - -9)). Calculate the greatest common factor of l and 10.
2
Suppose 0 = -4*v - 4*h + h + 189, -v + 3*h + 36 = 0. What is the greatest common factor of 10 and v?
5
Let l be (-5)/((-10)/4)*(0 + 2). Let t be 134 + (16/(-4))/l. What is the highest common divisor of t and 19?
19
Let t be 4/(-10)*((-110)/(-11) + -40). What is the highest common divisor of t and 4?
4
Suppose 16*v - 200 - 184 = 0. Suppose h - 31 = p, h - 3*p - 24 = -3. What is the highest common factor of h and v?
12
Suppose 5*m = 5*n + 2*m - 72, 0 = -2*m + 2. What is the greatest common divisor of n and 1275?
15
Suppose 13*c - 10 = 8*c. Suppose 0 = c*g - 66 + 8. What is the greatest common divisor of 29 and g?
29
Let k = 15 + -15. Suppose -w + 2*u + 0*u + 182 = k, -4*u = 0. Calculate the highest common factor of w and 26.
26
Let r = 863 + -557. Suppose 6848*d = 6836*d + 408. Calculate the highest common divisor of d and r.
34
Let g = 4 + -2. Let q be (9/(-6))/(g/(-24)). Suppose 48 = 10*n - 6*n. What is the highest common divisor of q and n?
6
Let s be ((1900/(-12))/5)/(17/(-51)). What is the highest common divisor of 114 and s?
19
Let b = 10 - 17. Let v be 9/4*(b + 11). Calculate the highest common divisor of v and 18.
9
Suppose 0 = 2*i + 11 - 43. Let z(u) = u**3 + 12*u**2 - 18*u - 17. Let n be z(-13). Calculate the highest common factor of n and i.
16
Let s = -6 - -27. Let k = -206 + 39. Let n = 272 + k. What is the highest common factor of n and s?
21
Suppose 2*r + r = 0. Let m be r - -1 - 25*-7. What is the highest common divisor of m and 22?
22
Suppose -4*q + 52 = -i, -2*i + 4*i = -q - 149. Let f be i/(-20)*15/6. Let s = f - 8. What is the highest common factor of 11 and s?
1
Suppose 16*j - 9*j = 189. What is the highest common divisor of 3 and j?
3
Let x(i) = i**3 - 3*i + 2. Let w be x(4). Let p be (-4)/6*-3 - (-15 + 23). Let f be 243/(-45)*20/p. Calculate the greatest common divisor of f and w.
18
Suppose 5*g = -3*u + 194, 2 + 0 = 2*g. Calculate the highest common divisor of 27 and u.
9
Let f be 89 - (-2)/4*(-14 + 16). What is the highest common factor of f and 20?
10
Let n = -32 - -32. Let z(p) = p**3 - p**2 + p + 1. Let o be z(n). What is the highest common divisor of o and 2?
1
Let i be (1 - (-1 + 0))/(48/72). Suppose 10 = 5*u + 2*f - 11, i*f - 12 = -u. Suppose 0 = -6*o + o + 105. What is the greatest common factor of o and u?
3
Suppose -4*i = -2*z + i - 155, 5*z + 402 = -2*i. Let g = 1 - z. Calculate the greatest common factor of 9 and g.
9
Suppose -2*w + 0*g = g - 77, 215 = 5*w - 5*g. Calculate the highest common divisor of w and 440.
40
Let f(r) = r**3 - 6*r**2 - 8*r + 10. Let y be f(7). Suppose y*g + 0*g + 33 = 0. Let s be g/(-2) - 5/10. What is the greatest common factor of s and 10?
5
Suppose -2*f - 51 = -3*l, 0 = 3*l - 5*f - 29 - 22. Calculate the highest common factor of 119 and l.
17
Let b(w) = -w**3 + 5*w + 4. Let h be b(-3). Let l = -4781 + 4869. What is the highest common divisor of h and l?
8
Let y be (-9)/((-378)/12) + 248/14. Let n = -7 + 4. Let r = y - n. What is the greatest common factor of r and 14?
7
Let u = 313 - 312. Calculate the highest common factor of u and 4.
1
Suppose -1227 = -2*z - 171. Suppose -u - z = -4*u. What is the greatest common divisor of 16 and u?
16
Suppose 2*c = p - 14, -3*c + 11 = -2*p + 38. Let q(j) = 8*j - 4. Let k be q(8). Calculate the highest common divisor of k and p.
12
Suppose 3*h = -3*w + 48, 2*h + 5*w = 9*w + 20. What is the highest common factor of 77 and h?
7
Suppose 37*r = 38*r - 116. Let l = r - 36. Calculate the highest common factor of l and 16.
16
Suppose 5*u - 2*j - 698 = 0, -u = 3*j - 0*j - 126. Let a = 141 - u. What is the greatest common factor of a and 33?
3
Suppose 0 = h - 27 - 7. Let n = h + -10. Let l = 62 + -50. Calculate the greatest common factor of n and l.
12
Let p(n) = -2*n**2 + 11*n + 11. Let l be p(7). Let f = l - -36. Calculate the greatest common factor of 2 and f.
2
Let g(h) = 121*h + 651. Let p be g(-5). What is the greatest common factor of p and 23?
23
Let o = -3 - -1. Let v be 16/10*(12 + o). Let j(w) = -w**2 + 24*w + 4. Let r be j(10). What is the highest common factor of r and v?
16
Let r(x) = x**2 - 8*x + 13. Let w = 20 - 13. Let d be r(w). What is the highest common factor of d and 66?
6
Suppose -d + 2 = -r - 1, 0 = 2*r. Let q(l) = l**2 - l - 2. Let i be q(d). What is the greatest common factor of 20 and i?
4
Let p(s) = 3*s + 2. Let r be (11/(-33))/(2/(-24)). Let z be p(r). Calculate the greatest common divisor of z and 14.
14
Let d = 7 + -7. Suppose j = -2*y + 